08?
True
Is 24 a factor of 816?
True
Is 60 a factor of 23640?
True
Does 6 divide 1208?
False
Is 30 a factor of 1000?
False
Is 54 a factor of 1890?
True
Does 112 divide 677?
False
Does 76 divide 304?
True
Is 95006 a multiple of 309?
False
Is 136 a factor of 35088?
True
Is 1918 a multiple of 51?
False
Is 45 a factor of 5275?
False
Does 3 divide 177?
True
Does 54 divide 17353?
False
Is 3 a factor of 27?
True
Is 11 a factor of 2222?
True
Does 36 divide 764?
False
Is 770 a multiple of 8?
False
Is 1687 a multiple of 241?
True
Is 328 a multiple of 2?
True
Is 122 a multiple of 24?
False
Does 44 divide 11912?
False
Is 200 a multiple of 5?
True
Is 68 a factor of 935?
False
Is 7 a factor of 8389?
False
Is 146 a multiple of 6?
False
Is 25 a factor of 9725?
True
Is 8 a factor of 1976?
True
Is 2492 a multiple of 28?
True
Does 7 divide 21889?
True
Is 11 a factor of 5577?
True
Is 10430 a multiple of 34?
False
Is 1201 a multiple of 81?
False
Does 17 divide 26474?
False
Is 18 a factor of 18?
True
Is 6043 a multiple of 30?
False
Is 6 a factor of 4230?
True
Is 171 a factor of 41804?
False
Is 103 a multiple of 7?
False
Is 10 a factor of 984?
False
Does 10 divide 330?
True
Does 64 divide 6454?
False
Does 223 divide 3738?
False
Is 78 a factor of 22139?
False
Is 2925 a multiple of 9?
True
Is 12 a factor of 336?
True
Does 38 divide 973?
False
Does 2 divide 5203?
False
Is 450 a multiple of 25?
True
Does 13 divide 16849?
False
Does 3 divide 394?
False
Is 33 a factor of 2376?
True
Is 44 a factor of 1232?
True
Is 624 a multiple of 6?
True
Is 215 a multiple of 88?
False
Is 9347 a multiple of 13?
True
Does 2 divide 259?
False
Is 17430 a multiple of 15?
True
Is 864 a multiple of 27?
True
Is 45 a factor of 1902?
False
Does 6 divide 228?
True
Does 9 divide 289?
False
Is 8 a factor of 1608?
True
Is 94 a factor of 470?
True
Is 11397 a multiple of 15?
False
Does 17 divide 110500?
True
Does 5 divide 101?
False
Is 16 a factor of 224?
True
Is 6297 a multiple of 68?
False
Is 1919 a multiple of 160?
False
Is 33825 a multiple of 41?
True
Is 10 a factor of 1565?
False
Does 10 divide 61?
False
Is 3 a factor of 527?
False
Is 32266 a multiple of 73?
True
Is 44 a multiple of 44?
True
Is 27 a factor of 2862?
True
Does 82 divide 82354?
False
Is 5 a factor of 439?
False
Does 420 divide 121001?
False
Is 85 a multiple of 85?
True
Does 85 divide 98345?
True
Is 189 a factor of 980?
False
Is 74 a factor of 65342?
True
Is 23 a factor of 8487?
True
Is 562 even?
True
Is 746 a multiple of 7?
False
Is 65869 a multiple of 436?
False
Is 9 a factor of 30?
False
Is 686 a multiple of 22?
False
Does 3 divide 59187?
True
Does 67 divide 3742?
False
Does 34 divide 15773?
False
Is 136 a factor of 8998?
False
Is 1304 a multiple of 3?
False
Does 14 divide 3805?
False
Is 132 a factor of 12804?
True
Is 83 a factor of 1245?
True
Is 880 a multiple of 22?
True
Is 2 a factor of 458?
True
Does 46 divide 828?
True
Is 14896 a multiple of 19?
True
Is 15 a factor of 450?
True
Does 5 divide 2722?
False
Does 167 divide 111121?
False
Is 8 a factor of 4992?
True
Does 66 divide 39534?
True
Is 4 a factor of 202?
False
Does 12 divide 39480?
True
Is 32 a factor of 699?
False
Is 43 a factor of 774?
True
Does 14 divide 14253?
False
Is 77 a factor of 5159?
True
Does 12 divide 960?
True
Is 50 a factor of 2100?
True
Does 54 divide 24408?
True
Does 37 divide 1981?
False
Is 6184 a multiple of 33?
False
Does 11 divide 148?
False
Does 6 divide 13751?
False
Is 346 a multiple of 50?
False
Is 121 a factor of 40051?
True
Is 3825 a multiple of 9?
True
Is 6 a factor of 2000?
False
Does 97 divide 32301?
True
Does 10 divide 790?
True
Does 19 divide 17993?
True
Is 8 a factor of 47072?
True
Is 45 a factor of 6769?
False
Does 29 divide 324?
False
Does 13 divide 411?
False
Does 10 divide 22006?
False
Does 66 divide 1122?
True
Does 18 divide 709?
False
Is 67 a multiple of 56?
False
Does 36 divide 184?
False
Is 236 a multiple of 4?
True
Is 306 a multiple of 6?
True
Does 16 divide 10250?
False
Does 57 divide 1241?
False
Is 3976 a multiple of 28?
True
Is 869 a multiple of 11?
True
Is 4004 a multiple of 11?
True
Does 270 divide 105300?
True
Is 747 a multiple of 9?
True
Is 174 a multiple of 11?
False
Is 7 a factor of 2030?
True
Is 14 a factor of 355?
False
Is 5246 a multiple of 61?
True
Does 10 divide 350?
True
Does 20 divide 965?
False
Is 12 a factor of 96?
True
Is 12 a factor of 5038?
False
Does 17 divide 8313?
True
Does 9 divide 218?
False
Does 12 divide 1817?
False
Is 12 a factor of 5393?
False
Is 697 a multiple of 41?
True
Does 27 divide 27?
True
Is 8026 a multiple of 30?
False
Does 30 divide 330?
True
Does 36 divide 115?
False
Is 714 a multiple of 51?
True
Does 4 divide 732?
True
Does 102 divide 8670?
True
Is 10 a factor of 3711?
False
Does 60 divide 21720?
True
Does 23 divide 93?
False
Is 12852 a multiple of 115?
False
Does 11 divide 1452?
True
Is 756 a multiple of 18?
True
Does 250 divide 117314?
False
Does 18 divide 18?
True
Does 31 divide 17722?
False
Is 48982 a multiple of 161?
False
Does 5 divide 42870?
True
Does 20 divide 1767?
False
Does 140 divide 10500?
True
Does 31 divide 1571?
False
Is 6987 a multiple of 9?
False
Does 28 divide 19564?
False
Is 58 a factor of 1450?
True
Does 69 divide 41712?
False
Is 332 a multiple of 7?
False
Does 16 divide 48690?
False
Is 11 a factor of 23210?
True
Does 6 divide 522?
True
Does 2 divide 174?
True
Does 57 divide 1824?
True
Is 390 a multiple of 15?
True
Does 97 divide 54190?
False
Is 69 a factor of 11758?
False
Does 7 divide 256?
False
Does 63 divide 945?
True
Is 1458 a multiple of 27?
True
Does 54 divide 17496?
True
Does 112 divide 2240?
True
Is 1953 a multiple of 9?
True
Is 2983 a multiple of 19?
True
Is 22 a factor of 2825?
False
Is 128747 a multiple of 13?
False
Is 22 a factor of 39843?
False
Is 613 a multiple of 42?
False
Is 7039 a multiple of 15?
False
Does 232 divide 71899?
False
Is 7475 a multiple of 69?
False
Is 6432 a multiple of 32?
True
Does 10 divide 570?
True
Is 22495 a multiple of 81?
False
Does 275 divide 10725?
True
Does 3 divide 8894?
False
Does 196 divide 9609?
False
Is 2 a factor of 17?
False
Does 157 divide 34383?
True
Is 75 a factor of 1971?
False
Is 2024 a multiple of 44?
True
Is 29 a factor of 143?
False
Does 3 divide 1871?
False
Does 6 divide 7458?
True
Is 30144 a multiple of 32?
True
Is 3214 a multiple of 123?
False
Is 16 a factor of 1498?
False
Does 3 divide 2415?
True
Does 96 divide 2319?
False
Does 3 divide 4095?
True
Does 476 divide 104258?
False
Does 53 divide 901?
True
Is 25326 a multiple of 63?
True
Is 9 a factor of 1170?
True
Does 25 divide 439?
False
Does 16 divide 95136?
True
Is 3757 a multiple of 17?
True
Is 240 a multiple of 15?
True
Is 53 a factor of 5671?
True
Is 1105 a multiple of 13?
True
Is 9 a factor of 3639?
False
Is 4718 a multiple of 39?
False
Is 15 a factor of 17604?
False
Does 26 divide 19110?
True
Is 942 a multiple of 31?
False
Does 49 divide 196?
True
Is 50 a factor of 1850?
True
Is 946 a multiple of 25?
False
Is 474 a multiple of 34?
False
Is 10 a factor of 930?
True
Is 6975 a multiple of 110?
False
Does 27 divide 1495?
False
Is 35 a factor of 27384?
False
Is 7817 a multiple of 12?
False
Is 18806 a multiple of 101?
False
Is 662 a multiple of 59?
False
Does 110 divide 1980?
True
Is 5368 a multiple of 14?
False
Is 4613 a multiple of 7?
True
Is 71 a factor of 59790?
False
Is 891 a multiple of 12?
False
Is 123 a factor of 36777?
True
Is 5525 a multiple of 5?
True
Is 22 a factor of 88?
True
Does 27 divide 34020?
True
Is 21714 a multiple of 94?
True
Is 4379 a multiple of 99?
False
Does 289 divide 18589?
False
Does 43 divide 344?
True
Is 29254 a multiple of 23?
False
Does 64 divide 40103?
False
Does 51 divide 22530?
False
Is 9492 a multiple of 84?
True
Is 4356 a multiple of 22?
True
Does 15 divide 7324?
False
Does 62 divide 1116?
True
Is 11 a factor of 1991?
True
Is 2919 a multiple of 27?
False
Is 255 a multiple of 5?
True
Is 252 a multiple of 14?
True
Is 31 a factor of 77128?
True
Is 27 a factor of 250?
False
Does 13 divide 11332?
False
Is 36019 a multiple of 41?
False
Does 35 divide 1645?
True
Does 44 divide 1717?
False
Is 11689 a multiple of 47?
False
Does 22 divide 10186?
True
Does 7 divide 392?
True
Is 588 a multiple of 10?
False
Is 1358 a multiple of 127?
